-1455
In base 11, what is 2 + -568?
-566
In base 9, what is 3 + -1?
2
In base 16, what is -5 + 258?
253
In base 12, what is b3 + -4?
ab
In base 4, what is 11 + 120100?
120111
In base 6, what is 10 - 14?
-4
In base 10, what is -4 - -51?
47
In base 6, what is -110 + 253?
143
In base 14, what is 0 - -d37?
d37
In base 5, what is -1334 - -114?
-1220
In base 10, what is 3 + -69?
-66
In base 11, what is -872 - 2?
-874
In base 10, what is -1746 + -4?
-1750
In base 2, what is 10 - -1000100?
1000110
In base 2, what is -10100000101010 + 101?
-10100000100101
In base 3, what is -1021020 + -12?
-1021102
In base 8, what is -11547 - -3?
-11544
In base 7, what is -23 + -4?
-30
In base 6, what is -502 - -22?
-440
In base 6, what is -3 - 4453?
-4500
In base 2, what is 1010110010 - 101?
1010101101
In base 14, what is -5 - 11?
-16
In base 5, what is -1 + -1204?
-1210
In base 12, what is -2 - -57?
55
In base 2, what is 111110 - 11?
111011
In base 16, what is 113 + b?
11e
In base 10, what is 3381 + 2?
3383
In base 9, what is -201 - -56?
-134
In base 2, what is 0 + 1011?
1011
In base 4, what is 1003 + -3?
1000
In base 2, what is -100 + -100011001110?
-100011010010
In base 7, what is 5 - 111?
-103
In base 12, what is 1583 + 0?
1583
In base 13, what is 3c3 - 5?
3bb
In base 13, what is 2 - -16ba?
16bc
In base 8, what is 21 - 7?
12
In base 10, what is 3 + 702?
705
In base 13, what is 397 + 20?
3b7
In base 3, what is -120 + -12111?
-20001
In base 6, what is 222 - -4?
230
In base 8, what is 1 + -30?
-27
In base 6, what is 1340 - -3?
1343
In base 13, what is 1867 - -4?
186b
In base 6, what is 10 - -400?
410
In base 7, what is -204 + -5?
-212
In base 14, what is 1c - 29?
-b
In base 15, what is 2 + 8e?
91
In base 8, what is 22 - -725?
747
In base 9, what is 5 + 45?
51
In base 15, what is 4 + 6c?
71
In base 12, what is -57 - 8?
-63
In base 2, what is -11000111000 - 101?
-11000111101
In base 3, what is -21 - -212?
121
In base 12, what is 7 - -13b?
146
In base 8, what is 3 + 23?
26
In base 4, what is -10 - 0?
-10
In base 14, what is 1c - 4a?
-2c
In base 16, what is 12f + -2?
12d
In base 2, what is -1100100 - -1010?
-1011010
In base 11, what is -5 - -45?
40
In base 3, what is 0 + 11102010?
11102010
In base 14, what is -4 - -8?
4
In base 13, what is -1 - 1c?
-20
In base 4, what is -30 + 21303?
21213
In base 15, what is -3 + 39e?
39b
In base 12, what is 28 + 26?
52
In base 4, what is -10 - 22000?
-22010
In base 5, what is 3 - 402?
-344
In base 4, what is -321 - 10202?
-11123
In base 10, what is -275 - -23?
-252
In base 11, what is -8 - 0?
-8
In base 16, what is 173 + 1?
174
In base 16, what is -1 + 6f?
6e
In base 3, what is 12011 + -11?
12000
In base 7, what is -1 - -62?
61
In base 16, what is -550 - 5?
-555
In base 9, what is -3 - -210?
206
In base 9, what is -1654 - 1?
-1655
In base 7, what is -313 + -3?
-316
In base 4, what is -1000 - 1?
-1001
In base 14, what is 18 - 11?
7
In base 4, what is -2 - -1332?
1330
In base 8, what is -25 + 12?
-13
In base 11, what is 12 - 7?
6
In base 11, what is -33 - 3?
-36
In base 6, what is 353 + -1?
352
In base 11, what is -2 - -7?
5
In base 3, what is 210210121 - -2?
210210200
In base 5, what is -2413 + 21?
-2342
In base 15, what is -416 - 11?
-427
In base 6, what is 1 - -154?
155
In base 14, what is -5 - -d5?
d0
In base 6, what is 1 + 140?
141
In base 9, what is -15 - 3?
-18
In base 5, what is -4 - -3423?
3414
In base 2, what is -100 + 10010000100?
10010000000
In base 3, what is 1220 - 11?
1202
In base 4, what is 0 - -33230?
33230
In base 11, what is -12 + -1?
-13
In base 11, what is -465 - 5?
-46a
In base 8, what is 1020 - 3?
1015
In base 9, what is -3 - -811?
807
In base 15, what is -184c - -1?
-184b
In base 4, what is -2313 + 3?
-2310
In base 12, what is 16 - 1?
15
In base 14, what is -12 + -2?
-14
In base 4, what is -20130 + -11?
-20201
In base 9, what is 178 + 63?
252
In base 3, what is -1 - 20221?
-20222
In base 5, what is 14 - -102?
121
In base 5, what is -324 - -43?
-231
In base 12, what is 13 - -55?
68
In base 9, what is -7 + -131?
-138
In base 2, what is 1 - -101010100000?
101010100001
In base 8, what is -223 + -4?
-227
In base 8, what is -237 - -14?
-223
In base 3, what is -100 + 11?
-12
In base 15, what is 3 + 60?
63
In base 11, what is 313 + 2a?
342
In base 13, what is -117c + 4?
-1178
In base 8, what is 15 - 36?
-21
In base 9, what is -5 - -3704?
3688
In base 16, what is -7 + -50?
-57
In base 15, what is 3 - 18?
-15
In base 9, what is 5 - 38?
-33
In base 7, what is 32 + 151?
213
In base 3, what is 101 + 11012220?
11020021
In base 6, what is -4 + 1214?
1210
In base 2, what is 110010 + -101001?
1001
In base 9, what is 2 + -1315?
-1313
In base 12, what is -5 - 26b?
-274
In base 12, what is 4 - -74?
78
In base 4, what is 1012 - -120?
1132
In base 10, what is 4 - -41?
45
In base 4, what is -1220 - -11?
-1203
In base 5, what is 11 + 1?
12
In base 6, what is -2 + 23?
21
In base 15, what is 23 + -4e?
-2b
In base 16, what is -90 - 4?
-94
In base 10, what is -2 - -143?
141
In base 7, what is -10 - -313?
303
In base 9, what is 36 - -101?
137
In base 2, what is -110111010 - -10?
-110111000
In base 15, what is -1e5 + -2?
-1e7
In base 13, what is 3 + -c3?
-c0
In base 2, what is 10011 + -1001?
1010
In base 16, what is -7 + 7e?
77
In base 16, what is -d - 24?
-31
In base 8, what is 11421 + -2?
11417
In base 8, what is 543 - 2?
541
In base 8, what is -104 - 5?
-111
In base 7, what is -332 - 104?
-436
In base 14, what is -2 - -13?
11
In base 6, what is 4313 - -1?
4314
In base 8, what is -1024 + 7?
-1015
In base 7, what is -4461 + -2?
-4463
In base 9, what is -330 - -5?
-324
In base 8, what is -37 + -52?
-111
In base 6, what is -12 - -30?
14
In base 12, what is 79 + -12?
67
In base 16, what is 3 + 12?
15
In base 14, what is -62 + -151?
-1b3
In base 2, what is 100000 + 100100?
1000100
In base 12, what is 14 - 15a?
-146
In base 9, what is -102 - 33?
-135
In base 5, what is -1032 + -240?
-1322
In base 2, what is -110110010000 + 11?
-110110001101
In base 14, what is -568 - 2?
-56a
In base 14, what is -2 + 3?
1
In base 4, what is 20 - -230?
310
In base 3, what is -22 + -1221?
-2020
In base 7, what is 232034 - -4?
232041
In base 14, what is 1b4 - -3?
1b7
In base 11, what is -4 - 59?
-62
In base 13, what is 4c64 - -5?
4c69
In base 11, what is -59 + 1?
-58
In base 11, what is -23 + 95?
72
In base 7, what is 0 - -13?
13
In base 8, what is -431 - 12?
-443
In base 12, what is -616 + 4?
-612
In base 16, what is -5 + -d7c?
-d81
In base 4, what is -3 - -1003202?
1003133
In base 14, what is -5 - -49?
44
In base 3, what is -1 + -1012?
-1020
In base 8, what is -211 - -5?
-204
In base 13, what is -32 + -277?
-2a9
In base 12, what is -10b + -2?
-111
In base 15, what is -1a5 - 2?
-1a7
In base 7, what is -1004 + 5?
-666
In base 15, what is aa8 - -3?
aab
In base 3, what is 20 + -2220?
-2200
In base 15, what is 2 - -215?
217
In base 6, what is 120 - -10?
130
In base 15, what is 2 - 1d6?
-1d4
In base 15, what is -427 + -17?
-43e
In base 4, what is -201 - 13?
-220
In base 13, what is -494 + 1?
-493
In base 4, what is 3 + 1011?
1020
In base 3, what is 11 - 10101011?
-10101000
In base 7, what is 504 + 13?
520
In base 13, what is a1c + 3?
a22
In base 7, what is -5 + 356?
351
In base 10, what is -2329 + 1?
-2328
In base 9, what is 1685 - 2?
1683
In base 13, what is 0 - -104?
104
In base 15, what is -5 - 244?
-249
In base 2, what is -101 - -100101011100?
100101010111
In base 14, what is 3 + -498?
-495
In base 10, what is 137 + 1?
138
In base 13, what is -387 - 3?
-38a
In base 6, what is -134 - -1244?
1110
In base 7, what is 11 + 4352?
4363
In base 3, what is -2010220 + 1?
-2010212
In base 15, what is -16 - 1d?
-34
In base 10, what is 0 + -309?
-309
In base 16, what is -6 - -14?
e
In base 11, what is 22 + 109?
130
In base 5, what is 14 - 140?
-121
In base 6, what is 112 - 3?
105
In base 7, what is -4 - 6112?
-6116
In base 7, what is 653 - -1?
654
In base 11, what is -2 - a49?
-a50
In base 5, what is 4 - 423?
-414
In base 14, what is -9a - 1?
-9b
In base 4, what is -21001 + -3?
-21010
In base 6, what is 5 + -130?
-121
In base 8, what is 1 - 174?
-173
In base 4, what is 21 + 2001?
2022
In base 10, what is 2 + -38?
-36
In base 9, what is -5 + -70?
-75
In base 10, what is -24642